{"id":135,"date":"2018-10-08T23:33:18","date_gmt":"2018-10-08T21:33:18","guid":{"rendered":"https:\/\/www.psychotherapie-chatterjee.de\/?page_id=135"},"modified":"2019-01-16T22:54:43","modified_gmt":"2019-01-16T20:54:43","slug":"impressum","status":"publish","type":"page","link":"https:\/\/www.psychotherapie-chatterjee.de\/index.php\/informationen\/impressum\/","title":{"rendered":"Impressum"},"content":{"rendered":"<p><span class=\"text_12_fett\">Pflichtangaben nach dem Telemediengesetz (TMG)<\/span><br \/>\nDiplom-Psychologin Angela Chatterjee<br \/>\nPsychologische Psychotherapeutin<br \/>\n(mit Schwerpunkt Verhaltenstherapie)<\/p>\n<p>Verantwortlich:<\/p>\n<p>Dipl.-Psych. Angela Chatterjee<br \/>\nKanalstr. 57<br \/>\n73728 Esslingen<\/p>\n<p>Telefon:0711 \/ 39120664<br \/>\nEmail: &#x69;&#110;&#102;o&#x40;&#x70;&#115;y&#x63;&#x68;&#111;th&#x65;&#114;&#97;p&#x69;&#x65;&#45;c&#x68;&#x61;&#116;&#116;e&#x72;&#x6a;&#101;e&#x2e;&#x64;&#101;<\/p>\n<p>Homepage:www.psychotherapie-chatterjee.de<\/p>\n<h3>F\u00fcr den Inhalt verantwortlich nach \u00a7 55 Abs. 2 RStV:<\/h3>\n<p>Dipl.-Psych. Angela Chatterjee<\/p>\n<h3>Haftungshinweis<\/h3>\n<p>Meine Homepage enth\u00e4lt Links zu Webseiten externer Dritter. F\u00fcr den Inhalt der verlinkten Seiten sind ausschlie\u00dflich deren Betreiber verantwortlich. Ich \u00fcbernehme f\u00fcr die Inhalte dieser externen Links keine Haftung.<\/p>\n<p><a class=\"cm_anchor\" href=\"https:\/\/www.psychotherapie-chatterjee.de\/index.php\/home\/datenschutzerklaerung\/\">Datenschutz<\/a><\/p>\n<h3>Rechtlicher Hinweis:<\/h3>\n<p>Die durch mich erstellten Inhalte meiner Homepage unterliegen dem deutschen Urheberrecht. Die Vervielf\u00e4ltigung, Bearbeitung, Verbreitung und jede Art der Verwertung au\u00dferhalb der Grenzen des Urheberrechtes bed\u00fcrfen der schriftlichen Zustimmung meinerseits. Downloads und Kopien dieser Seite sind nur f\u00fcr den privaten, nicht kommerziellen Gebrauch gestattet. Soweit die Inhalte dieser Seite nicht von mir erstellt wurden, werden die Urheberrechte Dritter beachtet und diese Inhalte als Inhalte Dritter gekennzeichnet. Sollten Sie trotzdem auf eine Urheberrechtsverletzung aufmerksam werden, bitten ich um einen entsprechenden Hinweis. Bei Bekanntwerden von Rechtsverletzungen werde ich derartige Inhalte umgehend entfernen.<br \/>\n(Textgrundlage:\u00a0<a class=\"cm_anchor\" href=\"http:\/\/www.e-recht24.de\/muster-disclaimer.html\" target=\"_blank\" rel=\"noopener\">eRecht24 Disclaimer<\/a>)<\/p>\n<h3>Quellenangaben zu den verwendeten Bildern:<\/h3>\n<p>Meine Homepage enth\u00e4lt ausschlie\u00dflich Bilder aus privaten Quellen. Sie unterliegen dem deutschen Urheberrecht. Die Vervielf\u00e4ltigung, Bearbeitung, Verbreitung und jede Art der Verwertung bedarf der schriftlichen Zustimmung meinerseits.<\/p>\n<h3>Konzeption und Gestaltung:<\/h3>\n<p>CHN\u00a0 DESIGN #charliehotelnovember#<\/p>\n<p>Dipl.-Psych. Angela Chatterjee<\/p>\n<h3>Berufsethische Richtlinien<\/h3>\n<p><span class=\"text_12_fett\">Berufsbezeichnung und akademischer Titel<\/span><br \/>\nDie Bezeichnungen Psychologische Psychotherapeutin und Diplom-Psychologin\u00a0wurden in der Bundesrepublik Deutschland verliehen.<\/p>\n<p><span class=\"text_12_fett\">Zust\u00e4ndige Kassen\u00e4rztliche Vereinigung<\/span><br \/>\nKassen\u00e4rztliche Vereinigung Baden-W\u00fcrttemberg<br \/>\nAlbstadtweg 11<br \/>\n70567 Stuttgart<\/p>\n<p><span class=\"text_12_fett\">Zust\u00e4ndige Aufsichtsbeh\u00f6rde<\/span><br \/>\nLandespsychotherapeutenkammer Baden-W\u00fcrttemberg<br \/>\nJ\u00e4gerstra\u00dfe 40<br \/>\n70174 Stuttgart<\/p>\n<p>Approbation als Psychologische Psychotherapeutin durch das<br \/>\nRegierungspr\u00e4sidium Stuttgart, Baden-W\u00fcrttemberg<\/p>\n<p><span class=\"text_12_fett\"> Berufsrechtliche Regelungen<\/span><br \/>\n1. Das Gesetz \u00fcber die Berufe des Psychologischen Psychotherapeuten und des Kinder- und Jugendlichen-Psychotherapeuten (Psychotherapeutengesetz \u2013 PsychThG) vom 16.06.1998<br \/>\n2. Berufsordnung der Landespsychotherapeutenkammer Baden-W\u00fcrttemberg vom 01.09.2009 sowie das Landesgesundheitsdienstgesetz und das Baden-W\u00fcrttembergische Heilberufe-Kammergesetz<\/p>\n<p>Texte der genannten Bestimmungen sind im Buchhandel erh\u00e4ltlich oder im Internet von der Aufsichtsbeh\u00f6rde (Landespsychotherapeutenkammer Baden-W\u00fcrttemberg) abrufbar.<\/p>\n<p>Au\u00dferdem richte ich mich nach <a class=\"cm_anchor\" href=\"https:\/\/www.dgps.de\/fileadmin\/documents\/Empfehlungen\/berufsethische_richtlinien_dgps.pdf\" target=\"_blank\" rel=\"noopener\">berufsethischen Richtlinien<\/a>\u00a0des Berufsverbandes Deutscher Psychologinnen und Psychologen e.V. und der Deutschen Gesellschaft f\u00fcr Psychologie e.V., die zugleich\u00a0Berufsordnung des Berufsverbandes Deutscher Psychologinnen und Psychologen e.V. in der von der Delegiertenkonferenz des BDP am 4.6.2016 und von der Mitgliederversammlung der DGPs am 21.9.2016 beschlossenen Fassung.<\/p>\n<p>&nbsp;<\/p>\n","protected":false},"excerpt":{"rendered":"<p>Pflichtangaben nach dem Telemediengesetz (TMG) Diplom-Psychologin Angela Chatterjee Psychologische Psychotherapeutin (mit Schwerpunkt Verhaltenstherapie) Verantwortlich: Dipl.-Psych. Angela Chatterjee Kanalstr. 57 73728 Esslingen Telefon:0711 \/ 39120664 Email: &#105;&#x6e;f&#111;&#x40;&#112;&#x73;y&#99;&#x68;o&#x74;&#x68;&#101;&#x72;a&#112;&#x69;e&#x2d;&#x63;&#104;&#x61;t&#116;&#x65;&#114;&#x6a;e&#101;&#x2e;d&#101; Homepage:www.psychotherapie-chatterjee.de F\u00fcr den Inhalt verantwortlich nach \u00a7 55 Abs. 2 RStV: Dipl.-Psych. Angela Chatterjee Haftungshinweis Meine Homepage enth\u00e4lt Links zu Webseiten externer Dritter. F\u00fcr den Inhalt der verlinkten Seiten [&hellip;]<\/p>\n","protected":false},"author":2,"featured_media":0,"parent":22,"menu_order":0,"comment_status":"closed","ping_status":"closed","template":"","meta":{"footnotes":""},"class_list":["post-135","page","type-page","status-publish","hentry"],"_links":{"self":[{"href":"https:\/\/www.psychotherapie-chatterjee.de\/index.php\/wp-json\/wp\/v2\/pages\/135","targetHints":{"allow":["GET"]}}],"collection":[{"href":"https:\/\/www.psychotherapie-chatterjee.de\/index.php\/wp-json\/wp\/v2\/pages"}],"about":[{"href":"https:\/\/www.psychotherapie-chatterjee.de\/index.php\/wp-json\/wp\/v2\/types\/page"}],"author":[{"embeddable":true,"href":"https:\/\/www.psychotherapie-chatterjee.de\/index.php\/wp-json\/wp\/v2\/users\/2"}],"replies":[{"embeddable":true,"href":"https:\/\/www.psychotherapie-chatterjee.de\/index.php\/wp-json\/wp\/v2\/comments?post=135"}],"version-history":[{"count":14,"href":"https:\/\/www.psychotherapie-chatterjee.de\/index.php\/wp-json\/wp\/v2\/pages\/135\/revisions"}],"predecessor-version":[{"id":360,"href":"https:\/\/www.psychotherapie-chatterjee.de\/index.php\/wp-json\/wp\/v2\/pages\/135\/revisions\/360"}],"up":[{"embeddable":true,"href":"https:\/\/www.psychotherapie-chatterjee.de\/index.php\/wp-json\/wp\/v2\/pages\/22"}],"wp:attachment":[{"href":"https:\/\/www.psychotherapie-chatterjee.de\/index.php\/wp-json\/wp\/v2\/media?parent=135"}],"curies":[{"name":"wp","href":"https:\/\/api.w.org\/{rel}","templated":true}]}}